{"id":83,"date":"2017-04-17T13:55:46","date_gmt":"2017-04-17T17:55:46","guid":{"rendered":"http:\/\/www.torngats.com\/?page_id=83"},"modified":"2021-02-09T09:16:34","modified_gmt":"2021-02-09T14:16:34","slug":"a-propos","status":"publish","type":"page","link":"http:\/\/espoirselite.ca\/index.php\/a-propos\/","title":{"rendered":"\u00c0 propos"},"content":{"rendered":"<p>[et_pb_section fb_built=\u00a0\u00bb1&Prime; admin_label=\u00a0\u00bbsection\u00a0\u00bb _builder_version=\u00a0\u00bb3.22&Prime;][et_pb_row admin_label=\u00a0\u00bbrow\u00a0\u00bb _builder_version=\u00a0\u00bb3.25&Prime; background_size=\u00a0\u00bbinitial\u00a0\u00bb background_position=\u00a0\u00bbtop_left\u00a0\u00bb background_repeat=\u00a0\u00bbrepeat\u00a0\u00bb][et_pb_column type=\u00a0\u00bb4_4&Prime; _builder_version=\u00a0\u00bb3.25&Prime; custom_padding=\u00a0\u00bb|||\u00a0\u00bb custom_padding__hover=\u00a0\u00bb|||\u00a0\u00bb][et_pb_text admin_label=\u00a0\u00bbTexte a propos\u00a0\u00bb _builder_version=\u00a0\u00bb3.27.4&Prime; background_size=\u00a0\u00bbinitial\u00a0\u00bb background_position=\u00a0\u00bbtop_left\u00a0\u00bb background_repeat=\u00a0\u00bbrepeat\u00a0\u00bb use_border_color=\u00a0\u00bboff\u00a0\u00bb]<\/p>\n<h2>\u00c0 propos des \u00e9quipes\u00a0cyclistes <strong>Espoirs Quilicot<\/strong><\/h2>\n<p class=\"page_text\">L&rsquo;\u00e9quipe Espoirs Quilicot se veut le volet U19 et U23 du club cycliste Espoirs Laval. Dans le but de cr\u00e9er un environnement propice au d\u00e9veloppement des jeunes talents, l\u2019\u00e9quipe cycliste <strong>Espoirs Quilicot<\/strong>\u00a0entend avant tous les aider \u00e0 atteindre leurs objectifs les plus ambitieux : \u00e9quipe du Qu\u00e9bec, \u00e9quipe canadienne, Championnat canadien, Championnat du monde\u2026 Pour cela, l\u2019\u00e9quipe souhaite offrir \u00e0 ses athl\u00e8tes une structure rigoureuse et organis\u00e9e favorisant le d\u00e9veloppement complet des athl\u00e8tes, sachant que ceux-ci auront ensuite \u00e0 coeur de refl\u00e9ter une image professionnelle de leur sport. Vous pourrez suivre l\u2019\u00e9quipe <strong>Espoirs Quilicot<\/strong>\u00a0tout au long de la saison sur la page Facebook de la formation ou encore sur le site web de l\u2019\u00e9quipe <strong>Espoirs Quilicot<\/strong>.<\/p>\n<h2 class=\"page_title\"><\/h2>\n<h2 class=\"page_title\">\u00c0 propos du club cycliste <strong>Espoirs Laval<\/strong><\/h2>\n<p>Fond\u00e9 en 1968 le <strong><em>Club cycliste Espoirs Laval<\/em><\/strong>, le plus ancien club qu\u00e9b\u00e9cois de cyclisme de comp\u00e9tition est aujourd\u2019hui reconnu comme l&rsquo;un des plus importants clubs de v\u00e9lo de comp\u00e9tition sur route au Canada. Si \u00e0 ses d\u00e9buts, le Club visait l\u2019\u00e9lite cycliste au Canada, aujourd\u2019hui \u00a0il s\u2019est largement d\u00e9mocratis\u00e9 pour devenir la r\u00e9f\u00e9rence en mati\u00e8re de d\u00e9veloppement cycliste au Qu\u00e9bec. Des jeunes de 6 \u00e0 18 ans courent aux quatre coins de la province et au-del\u00e0 sous les couleurs du <strong><em>Club cycliste des Espoirs Laval.<\/em><\/strong><\/p>\n<p>D\u2019ailleurs, depuis quelques ann\u00e9es, le club a re\u00e7u de nombreux prix de reconnaissance d\u00e9cern\u00e9s par la F\u00e9d\u00e9ration qu\u00e9b\u00e9coise des sports cyclistes (FQSC) qui reconnait le travail accompli par les b\u00e9n\u00e9voles et les entra\u00eeneurs qui composent l\u2019organisation. Les Espoirs Laval se sont vus d\u00e9cerner \u00e0 quatre reprises le titre de Club de d\u00e9veloppement de l\u2019ann\u00e9e par la F\u00e9d\u00e9ration qu\u00e9b\u00e9coise des sports cyclistes (FQSC) dont celui de 2016.<\/p>\n<p>Esprit d\u2019\u00e9quipe, fid\u00e9lit\u00e9 et d\u00e9veloppement de la rel\u00e8ve ne sont pas de vains mots pour le Club qui, fier de ses origines, en est aujourd\u2019hui \u00e0 accueillir dans ses rangs les enfants, voire les petits-enfants de cyclistes qui ont couru jadis sous ses couleurs! Sur la sc\u00e8ne internationale, de nombreux cyclistes canadiens ont fait leurs armes en courant pour les <strong><em>Espoirs Laval<\/em><\/strong>. Parmi les coureurs pros actuels et \u00ab retrait\u00e9s \u00bb : Nicolas Masbourian (Silber Pro Cycling, \u00c9quipe Canada 2016), Dominique Rollin (Cofidis, 2015), Fran\u00e7ois Parisien (Argos Shimano, 2013), Bruno Langlois (Garneau Qu\u00e9b\u00e9cor, 2015), Jo\u00eblle Numainville (Bigla Cycling Team, 2016). Parmi les coureurs en voie d\u2019atteindre les rangs professionnels, Hugo Barrette (double m\u00e9daill\u00e9 d\u2019or, jeux panam\u00e9ricains sur piste, jeux de Rio 2016), Simon-Pierre Gauthier (champion qu\u00e9b\u00e9cois senior, Garneau Qu\u00e9b\u00e9cor), Emmanuel Gagn\u00e9 (vainqueur de la 2<sup>e<\/sup> \u00e9tape du Tour de l\u2019Abitibi 2013, Airgas Cycling Team 2015), Dafn\u00e9 Th\u00e9roux-Izquierdo (double championne canadienne sur route, junior, 2013 et 2014), Laurent Gervais (Aevolo Cycling Team, 2017). Ce ne sont que quelques exemples de grands coureurs et de grandes coureuses qui ont \u00e9volu\u00e9 dans les rangs du <em><strong>Club cycliste des Espoirs Laval<\/strong>.<\/em><\/p>\n<p>[\/et_pb_text][\/et_pb_column][\/et_pb_row][et_pb_row admin_label=\u00a0\u00bbrow\u00a0\u00bb _builder_version=\u00a0\u00bb3.25&Prime; background_size=\u00a0\u00bbinitial\u00a0\u00bb background_position=\u00a0\u00bbtop_left\u00a0\u00bb background_repeat=\u00a0\u00bbrepeat\u00a0\u00bb][et_pb_column type=\u00a0\u00bb4_4&Prime; _builder_version=\u00a0\u00bb3.25&Prime; custom_padding=\u00a0\u00bb|||\u00a0\u00bb custom_padding__hover=\u00a0\u00bb|||\u00a0\u00bb][et_pb_text admin_label=\u00a0\u00bbTexte Partenaires\u00a0\u00bb _builder_version=\u00a0\u00bb3.27.4&Prime; background_size=\u00a0\u00bbinitial\u00a0\u00bb background_position=\u00a0\u00bbtop_left\u00a0\u00bb background_repeat=\u00a0\u00bbrepeat\u00a0\u00bb use_border_color=\u00a0\u00bboff\u00a0\u00bb]<\/p>\n<h1 class=\"page_title\">\u00a0Nos partenaires<\/h1>\n<p>En 2021, l\u2019\u00e9quipe <strong>Espoirs Quilicot<\/strong>\u00a0pourra compter sur l\u2019appui d\u2019importants commanditaires, au premier rang desquels figure <a href=\"https:\/\/www.bicyclesquilicot.com\/\">Bicycle Quilicot,<\/a> r\u00e9f\u00e9rence en v\u00e9lo, qui poss\u00e8de sept magasins dans la grande r\u00e9gion m\u00e9tropolitaine (Rosemont, Villeray, Laval, Terrebonne, Boisbriand, Mont-Tremblant). Marc-Andr\u00e9 Lebeau, propri\u00e9taire de <a href=\"http:\/\/www.primeauvelo.com\" target=\"_blank\" rel=\"noopener\">Bicycle Quilicot<\/a>, souhaite permettre aux athl\u00e8tes de se d\u00e9velopper \u00e0 leur plein potentiel en poursuivant leur progression\u00a0aux niveaux junior puis s\u00e9nior.<\/p>\n<p>Nous d\u00e9sirons \u00e9galement souligner le support de nos autres partenaires, notamment Plan\u00e8te Courrier,\u00a0<a href=\"https:\/\/www.subarudelaval.ca\/\">Subaru de Laval<\/a>,\u00a0<a href=\"http:\/\/serviceautosterose.com\/\" target=\"_blank\" rel=\"noopener\">Service d&rsquo;auto Ste-Rose<\/a>, Biemme, Unide, Groupe Pich\u00e9, Groupe YK, Zibo et encore plus sans lesquels ce projet n\u2019aurait pu se poursuivre.\u00a0Enfin, il est important de souligner le soutien et l\u2019appui du club cycliste <a href=\"http:\/\/www.espoirslaval.ca\" target=\"_blank\" rel=\"noopener\"><strong>Espoirs Laval<\/strong><\/a>, dont la structure, l\u2019importance et l\u2019exp\u00e9rience repr\u00e9sentent des pr\u00e9cieux atouts pour susciter la confiance des partenaires et encadrer les activit\u00e9s de l\u2019\u00e9quipe.<\/p>\n<ul><\/ul>\n<p>[\/et_pb_text][\/et_pb_column][\/et_pb_row][\/et_pb_section][et_pb_section fb_built=\u00a0\u00bb1&Prime; _builder_version=\u00a0\u00bb3.22&Prime;][et_pb_row _builder_version=\u00a0\u00bb3.25&Prime; background_size=\u00a0\u00bbinitial\u00a0\u00bb background_position=\u00a0\u00bbtop_left\u00a0\u00bb background_repeat=\u00a0\u00bbrepeat\u00a0\u00bb][et_pb_column type=\u00a0\u00bb4_4&Prime; _builder_version=\u00a0\u00bb3.25&Prime; custom_padding=\u00a0\u00bb|||\u00a0\u00bb custom_padding__hover=\u00a0\u00bb|||\u00a0\u00bb][et_pb_divider disabled_on=\u00a0\u00bbon|on|off\u00a0\u00bb _builder_version=\u00a0\u00bb3.2&Prime; hide_on_mobile=\u00a0\u00bbon\u00a0\u00bb][\/et_pb_divider][et_pb_text _builder_version=\u00a0\u00bb4.8.0&Prime; background_size=\u00a0\u00bbinitial\u00a0\u00bb background_position=\u00a0\u00bbtop_left\u00a0\u00bb background_repeat=\u00a0\u00bbrepeat\u00a0\u00bb hover_enabled=\u00a0\u00bb0&Prime; use_border_color=\u00a0\u00bboff\u00a0\u00bb sticky_enabled=\u00a0\u00bb0&Prime;]<\/p>\n<p style=\"text-align: center;\"><strong>\u00c9quipe Espoirs Quilicot \u00a9 2021 &#8211; Tous droits r\u00e9serv\u00e9s<\/strong><\/p>\n<p>[\/et_pb_text][\/et_pb_column][\/et_pb_row][\/et_pb_section]<\/p>\n","protected":false},"excerpt":{"rendered":"<p>[et_pb_section fb_built=\u00a0\u00bb1&Prime; admin_label=\u00a0\u00bbsection\u00a0\u00bb _builder_version=\u00a0\u00bb3.22&Prime;][et_pb_row admin_label=\u00a0\u00bbrow\u00a0\u00bb _builder_version=\u00a0\u00bb3.25&Prime; background_size=\u00a0\u00bbinitial\u00a0\u00bb background_position=\u00a0\u00bbtop_left\u00a0\u00bb background_repeat=\u00a0\u00bbrepeat\u00a0\u00bb][et_pb_column type=\u00a0\u00bb4_4&Prime; _builder_version=\u00a0\u00bb3.25&Prime; custom_padding=\u00a0\u00bb|||\u00a0\u00bb custom_padding__hover=\u00a0\u00bb|||\u00a0\u00bb][et_pb_text admin_label=\u00a0\u00bbTexte a propos\u00a0\u00bb _builder_version=\u00a0\u00bb3.27.4&Prime; background_size=\u00a0\u00bbinitial\u00a0\u00bb background_position=\u00a0\u00bbtop_left\u00a0\u00bb background_repeat=\u00a0\u00bbrepeat\u00a0\u00bb use_border_color=\u00a0\u00bboff\u00a0\u00bb] \u00c0 propos des \u00e9quipes\u00a0cyclistes Espoirs Quilicot L&rsquo;\u00e9quipe Espoirs Quilicot se veut le volet U19 et U23 du club cycliste Espoirs Laval. Dans le but de cr\u00e9er un environnement propice au d\u00e9veloppement des jeunes talents, [&hellip;]<\/p>\n","protected":false},"author":1,"featured_media":0,"parent":0,"menu_order":0,"comment_status":"closed","ping_status":"closed","template":"","meta":{"_et_pb_use_builder":"on","_et_pb_old_content":"","_et_gb_content_width":""},"_links":{"self":[{"href":"http:\/\/espoirselite.ca\/index.php\/wp-json\/wp\/v2\/pages\/83"}],"collection":[{"href":"http:\/\/espoirselite.ca\/index.php\/wp-json\/wp\/v2\/pages"}],"about":[{"href":"http:\/\/espoirselite.ca\/index.php\/wp-json\/wp\/v2\/types\/page"}],"author":[{"embeddable":true,"href":"http:\/\/espoirselite.ca\/index.php\/wp-json\/wp\/v2\/users\/1"}],"replies":[{"embeddable":true,"href":"http:\/\/espoirselite.ca\/index.php\/wp-json\/wp\/v2\/comments?post=83"}],"version-history":[{"count":41,"href":"http:\/\/espoirselite.ca\/index.php\/wp-json\/wp\/v2\/pages\/83\/revisions"}],"predecessor-version":[{"id":722,"href":"http:\/\/espoirselite.ca\/index.php\/wp-json\/wp\/v2\/pages\/83\/revisions\/722"}],"wp:attachment":[{"href":"http:\/\/espoirselite.ca\/index.php\/wp-json\/wp\/v2\/media?parent=83"}],"curies":[{"name":"wp","href":"https:\/\/api.w.org\/{rel}","templated":true}]}}

À propos

<p>[et_pb_section fb_built= »1&Prime; admin_label= »section » _builder_version= »3.22&Prime;][et_pb_row admin_label= »row » _builder_version= »3.25&Prime; background_size= »initial » background_position= »top_left » background_repeat= »repeat »][et_pb_column type= »4_4&Prime; _builder_version= »3.25&Prime; custom_padding= »||| » custom_padding__hover= »||| »][et_pb_text admin_label= »Texte a propos » _builder_version= »3.27.4&Prime; background_size= »initial » background_position= »top_left » background_repeat= »repeat » use_border_color= »off »]</p>
<h2>À propos des équipes cyclistes <strong>Espoirs Quilicot</strong></h2>
<p class="page_text">L&rsquo;équipe Espoirs Quilicot se veut le volet U19 et U23 du club cycliste Espoirs Laval. Dans le but de créer un environnement propice au développement des jeunes talents, l’équipe cycliste <strong>Espoirs Quilicot</strong> entend avant tous les aider à atteindre leurs objectifs les plus ambitieux : équipe du Québec, équipe canadienne, Championnat canadien, Championnat du monde… Pour cela, l’équipe souhaite offrir à ses athlètes une structure rigoureuse et organisée favorisant le développement complet des athlètes, sachant que ceux-ci auront ensuite à coeur de refléter une image professionnelle de leur sport. Vous pourrez suivre l’équipe <strong>Espoirs Quilicot</strong> tout au long de la saison sur la page Facebook de la formation ou encore sur le site web de l’équipe <strong>Espoirs Quilicot</strong>.</p>
<h2 class="page_title"></h2>
<h2 class="page_title">À propos du club cycliste <strong>Espoirs Laval</strong></h2>
<p>Fondé en 1968 le <strong><em>Club cycliste Espoirs Laval</em></strong>, le plus ancien club québécois de cyclisme de compétition est aujourd’hui reconnu comme l&rsquo;un des plus importants clubs de vélo de compétition sur route au Canada. Si à ses débuts, le Club visait l’élite cycliste au Canada, aujourd’hui  il s’est largement démocratisé pour devenir la référence en matière de développement cycliste au Québec. Des jeunes de 6 à 18 ans courent aux quatre coins de la province et au-delà sous les couleurs du <strong><em>Club cycliste des Espoirs Laval.</em></strong></p>
<p>D’ailleurs, depuis quelques années, le club a reçu de nombreux prix de reconnaissance décernés par la Fédération québécoise des sports cyclistes (FQSC) qui reconnait le travail accompli par les bénévoles et les entraîneurs qui composent l’organisation. Les Espoirs Laval se sont vus décerner à quatre reprises le titre de Club de développement de l’année par la Fédération québécoise des sports cyclistes (FQSC) dont celui de 2016.</p>
<p>Esprit d’équipe, fidélité et développement de la relève ne sont pas de vains mots pour le Club qui, fier de ses origines, en est aujourd’hui à accueillir dans ses rangs les enfants, voire les petits-enfants de cyclistes qui ont couru jadis sous ses couleurs! Sur la scène internationale, de nombreux cyclistes canadiens ont fait leurs armes en courant pour les <strong><em>Espoirs Laval</em></strong>. Parmi les coureurs pros actuels et « retraités » : Nicolas Masbourian (Silber Pro Cycling, Équipe Canada 2016), Dominique Rollin (Cofidis, 2015), François Parisien (Argos Shimano, 2013), Bruno Langlois (Garneau Québécor, 2015), Joëlle Numainville (Bigla Cycling Team, 2016). Parmi les coureurs en voie d’atteindre les rangs professionnels, Hugo Barrette (double médaillé d’or, jeux panaméricains sur piste, jeux de Rio 2016), Simon-Pierre Gauthier (champion québécois senior, Garneau Québécor), Emmanuel Gagné (vainqueur de la 2<sup>e</sup> étape du Tour de l’Abitibi 2013, Airgas Cycling Team 2015), Dafné Théroux-Izquierdo (double championne canadienne sur route, junior, 2013 et 2014), Laurent Gervais (Aevolo Cycling Team, 2017). Ce ne sont que quelques exemples de grands coureurs et de grandes coureuses qui ont évolué dans les rangs du <em><strong>Club cycliste des Espoirs Laval</strong>.</em></p>
<p>[/et_pb_text][/et_pb_column][/et_pb_row][et_pb_row admin_label= »row » _builder_version= »3.25&Prime; background_size= »initial » background_position= »top_left » background_repeat= »repeat »][et_pb_column type= »4_4&Prime; _builder_version= »3.25&Prime; custom_padding= »||| » custom_padding__hover= »||| »][et_pb_text admin_label= »Texte Partenaires » _builder_version= »3.27.4&Prime; background_size= »initial » background_position= »top_left » background_repeat= »repeat » use_border_color= »off »]</p>
<h1 class="page_title"> Nos partenaires</h1>
<p>En 2021, l’équipe <strong>Espoirs Quilicot</strong> pourra compter sur l’appui d’importants commanditaires, au premier rang desquels figure <a href="https://www.bicyclesquilicot.com/">Bicycle Quilicot,</a> référence en vélo, qui possède sept magasins dans la grande région métropolitaine (Rosemont, Villeray, Laval, Terrebonne, Boisbriand, Mont-Tremblant). Marc-André Lebeau, propriétaire de <a href="http://www.primeauvelo.com" target="_blank" rel="noopener">Bicycle Quilicot</a>, souhaite permettre aux athlètes de se développer à leur plein potentiel en poursuivant leur progression aux niveaux junior puis sénior.</p>
<p>Nous désirons également souligner le support de nos autres partenaires, notamment Planète Courrier, <a href="https://www.subarudelaval.ca/">Subaru de Laval</a>, <a href="http://serviceautosterose.com/" target="_blank" rel="noopener">Service d&rsquo;auto Ste-Rose</a>, Biemme, Unide, Groupe Piché, Groupe YK, Zibo et encore plus sans lesquels ce projet n’aurait pu se poursuivre. Enfin, il est important de souligner le soutien et l’appui du club cycliste <a href="http://www.espoirslaval.ca" target="_blank" rel="noopener"><strong>Espoirs Laval</strong></a>, dont la structure, l’importance et l’expérience représentent des précieux atouts pour susciter la confiance des partenaires et encadrer les activités de l’équipe.</p>
<ul></ul>
<p>[/et_pb_text][/et_pb_column][/et_pb_row][/et_pb_section][et_pb_section fb_built= »1&Prime; _builder_version= »3.22&Prime;][et_pb_row _builder_version= »3.25&Prime; background_size= »initial » background_position= »top_left » background_repeat= »repeat »][et_pb_column type= »4_4&Prime; _builder_version= »3.25&Prime; custom_padding= »||| » custom_padding__hover= »||| »][et_pb_divider disabled_on= »on|on|off » _builder_version= »3.2&Prime; hide_on_mobile= »on »][/et_pb_divider][et_pb_text _builder_version= »4.8.0&Prime; background_size= »initial » background_position= »top_left » background_repeat= »repeat » hover_enabled= »0&Prime; use_border_color= »off » sticky_enabled= »0&Prime;]</p>
<p style="text-align: center;"><strong>Équipe Espoirs Quilicot © 2021 &#8211; Tous droits réservés</strong></p>
<p>[/et_pb_text][/et_pb_column][/et_pb_row][/et_pb_section]</p>

<p>[et_pb_section fb_built= »1&Prime; admin_label= »section » _builder_version= »3.22&Prime;][et_pb_row admin_label= »row » _builder_version= »3.25&Prime; background_size= »initial » background_position= »top_left » background_repeat= »repeat »][et_pb_column type= »4_4&Prime; _builder_version= »3.25&Prime; custom_padding= »||| » custom_padding__hover= »||| »][et_pb_text admin_label= »Texte a propos » _builder_version= »3.27.4&Prime; background_size= »initial » background_position= »top_left » background_repeat= »repeat » use_border_color= »off »] À propos des équipes cyclistes Espoirs Quilicot L&rsquo;équipe Espoirs Quilicot se veut le volet U19 et U23 du club cycliste Espoirs Laval. Dans le but de créer un environnement propice au développement des jeunes talents, [&hellip;]</p>
